se 1 - 9 = 2*d. Let z = g - d. What is the units digit of z?
1
Let b = 15 - -8. What is the tens digit of b?
2
Suppose 0 = 3*y - 2*y + 28. Let q(k) = k**3 - 15*k**2 + 4. Let v be q(8). What is the tens digit of 1/7 + v/y?
1
Suppose 0*x - 5 = -x, 3*l = 3*x + 99. What is the units digit of l?
8
Let b(v) be the first derivative of -v**3/3 - 3*v**2 - 2*v - 1. Let q(z) = z + 4. Let d be q(-8). What is the units digit of b(d)?
6
Let d = 17 + -14. Suppose -d*y = 2*y - 125. What is the tens digit of y?
2
Let t be 17/2 + 3/6. Suppose -v = -4*v + t. Suppose -v*x = -12 - 21. What is the units digit of x?
1
Suppose 2*i - 4*i = -4*t - 448, t = -4*i + 860. What is the tens digit of i?
1
Let p(s) be the third derivative of s**5/12 - s**3/6 + s**2. Let i(q) = -q + 1. Let l be i(0). What is the units digit of p(l)?
4
Let z(k) = 3*k**2 + 3*k - 4. Let s be z(-3). Suppose -2*g + s = -0*g. What is the units digit of g?
7
Let c = 272 - 166. Suppose -i - c = -3*v, 3*v = -0*v - 4*i + 101. What is the units digit of v?
5
Suppose 3 = -5*c - 4*k, -2*k = -2*c + 2 + 4. Let i(a) = 11*a - 1. What is the units digit of i(c)?
0
Let m be 3/2 + 6/(-4). Suppose 0 = -m*b + 4*b - 44. Suppose -11 = -2*x - 3*y, -3*x - 5*y + 4 + b = 0. What is the units digit of x?
0
Suppose -4*t - t + 10 = 0, 3*t - 38 = -i. Let l be (i/(-3))/4*-6. Suppose -l = -m - 5*h, -26 = -2*m - 4*h - 6. What is the units digit of m?
6
Let g(n) = n**2 - 7*n + 14. What is the tens digit of g(8)?
2
Let s = 26 + -14. Suppose -l - 3*l = -s. Suppose 3*k = -x + 6, -l*k - x = -3*x - 15. What is the units digit of k?
3
Let o(h) = 9*h - 23. What is the tens digit of o(11)?
7
Suppose 0 = -3*h - 86 + 578. What is the units digit of h?
4
Let t = 1 - -4. Suppose 1 = t*o - 44. What is the units digit of o?
9
What is the units digit of 6 - -19 - (5 - 3)?
3
Suppose 782 - 89 = 5*n - 2*k, -n = -4*k - 153. What is the hundreds digit of n?
1
Let z(s) = 37*s**2 + s + 1. What is the units digit of z(-1)?
7
Let c(r) be the second derivative of r**4/4 + r**3/6 + r**2/2 + r. What is the units digit of c(-1)?
3
Suppose -8 + 1 = 3*q - 5*z, -3*z = 5*q - 45. Let w(p) = p**2 - 4*p - 1. What is the units digit of w(q)?
1
Let t(x) = 17*x + 1. Let q be t(2). Let c = -5 + q. What is the units digit of c?
0
Suppose 16 = x - 22. What is the tens digit of x?
3
Let j = 711 + -454. What is the hundreds digit of j?
2
Suppose 8 = r - 5*i - 67, -4*r + 318 = -2*i. Suppose -r = -0*u - 5*u. What is the units digit of u?
6
Let y = -33 + 74. What is the units digit of y?
1
Suppose 3 = -b + 7. Suppose 27 = -b*f - 57. What is the units digit of 9*(f/(-9) + -2)?
3
Suppose -v = -85 - 250. What is the hundreds digit of v?
3
Let w(g) = g**3 - 8*g**2 + 8*g - 2. Let b be w(7). Let m be (b/(-2))/(6/(-12)). Suppose -6*r + m*h + 27 = -3*r, 3*h - 7 = -4*r. What is the units digit of r?
4
Let c = -3 + 5. Let b(l) = l - 1. What is the units digit of b(c)?
1
Let b = -120 + 169. Let p = b + -24. What is the tens digit of p?
2
Let v = 45 + 6. What is the units digit of v?
1
Let d = 2 - 0. Suppose 3*c + 25 = -2*z, -d*c + 4*c + 4*z + 14 = 0. Let i(s) = -s + 5. What is the units digit of i(c)?
4
Suppose 0 = -3*k - 0*k - 3. Let t = 6 - k. What is the units digit of t?
7
Suppose 2*m - 7*m = -3*l + 606, 2*m - 782 = -4*l. What is the tens digit of l?
9
Let m(c) = c + 2. Suppose 16 = 5*a - 9. Let j = a - -2. What is the units digit of m(j)?
9
Let z(o) = -o**3 + 6*o**2 - 6*o - 4. Let i be z(5). Let q(d) = d + 15. Let c be q(i). Suppose 3 = t - c. What is the units digit of t?
9
Suppose 2*n = -3*n, -3*m = 3*n - 18. Let s be (m/5)/(6/20). What is the units digit of (4/(-6))/(s/(-30))?
5
Let n(i) = -i**3 + i. Let b be n(-1). Suppose 3*u - 3*p - 18 = b, 0*u + 30 = 5*u - 3*p. What is the units digit of (3/(-9))/((-2)/u)?
1
Let r(x) = -4*x**2 + 6*x**2 - 2*x - 2 + 0*x. What is the units digit of r(2)?
2
Suppose -4*i + 134 = 3*d, 5*d - i = -3*i + 228. Let a = d + -25. What is the units digit of a?
1
Let h be (-2)/(-3 - 93/(-33)). Suppose -3*f + 30 = 5*g, 0*g - 2*g = -f - 1. Suppose h = 2*x - f. What is the units digit of x?
8
Let h(p) = -p**3 - p**2 - p. Let f = -5 - -4. Let q = f - 0. What is the units digit of h(q)?
1
Let y = 49 - 23. Let l = y - 19. What is the units digit of l?
7
Suppose -33 + 5 = -2*d. Suppose 2*z - 87 = -3*q, -z = -q + 10 + d. What is the tens digit of q?
2
Suppose -6*o + 96 = -3*o. What is the tens digit of o?
3
Suppose 3*v - 2*v = l + 50, -l = v - 42. Suppose 0 = r + q - 22 + 6, -4*r + v = -2*q. What is the tens digit of r?
1
Let q(j) be the first derivative of j**2 - 4*j + 4. What is the units digit of q(6)?
8
Suppose 19 = -5*m + 304. What is the units digit of m?
7
Let l = 6 - 4. Let v(c) = 6*c**2 - 3*c + 2. Let u be v(l). What is the units digit of -3 + u + 0 + 1?
8
Suppose q - 19 = 4*p, -5*q - 2*p + 95 = p. What is the units digit of q?
9
Let c(o) = o**3 + 9*o**2 + 10*o + 10. Let r be c(-7). Let t = -5 + 7. What is the units digit of r/6 - t/(-3)?
7
Suppose 0 = 2*f - 7 + 3. Suppose 19 = -f*h + h + 4*k, -k = -2*h - 24. Let i = h - -18. What is the units digit of i?
7
Let w = -12 - -17. What is the units digit of w?
5
Suppose 5*s = 19 + 36. What is the tens digit of s?
1
Let n(r) = r + 5. Let s be n(-7). What is the units digit of -2 + (-33)/(s + -1)?
9
What is the units digit of (5/3)/((-4)/(-12))?
5
Let a = 29 + -14. What is the tens digit of a?
1
What is the units digit of (20/4)/(2/92)?
0
Suppose 0*l + 15 = -3*l, 0 = 5*f + l - 255. What is the tens digit of f?
5
Suppose -4*v + k + 777 = 277, 5*k + 144 = v. What is the units digit of v?
4
Suppose -r + 163 = 4*v, -2*v + 1 = -r - 88. Suppose 3*y - 3*q = v, y = 2*y + q - 6. What is the units digit of y?
0
Suppose -9*i + 1221 = 2*i. What is the units digit of i?
1
What is the units digit of (-340)/(-8) - (-1)/(-2)?
2
Suppose -2*k + 4 = 0, d = -2*k + 14 - 4. Let n = -5 + d. What is the units digit of n?
1
Let h = 31 - 10. What is the units digit of h?
1
Suppose 0 = s - 2*s + x + 32, -5*s - 4*x = -142. Let w = -20 + s. What is the units digit of w?
0
Let y(j) = -j**2 - 7*j - 6. Let x be y(-6). Suppose -5*k + 2*k + 84 = x. Let g = k + -9. What is the units digit of g?
9
Suppose -q + 12 = -3. Let u be (21/2)/3*-2. Let r = q + u. What is the units digit of r?
8
Let w(i) = -6*i + 20. Let x(o) = -o + 4. Let m(h) = -3*w(h) + 16*x(h). What is the units digit of m(6)?
6
Suppose 3*z = f - 4*f + 99, 3*f - 83 = z. What is the units digit of f?
9
What is the units digit of 1*-21*(-15)/9?
5
Let f(v) = 7*v**3 + 2*v**2 + 6*v. Let h(a) = -a**3 - a. Let g(w) = f(w) + 6*h(w). Let n be g(-2). Suppose j - 4 = -n*j. What is the units digit of j?
4
Suppose -419 = -5*v - 94. Suppose -19 = 3*c - 3*s - 79, -5*c + v = 2*s. What is the units digit of c?
5
What is the tens digit of (-128)/24*(-15)/4?
2
What is the units digit of (-221)/(-26) + 2/(-4)?
8
Let l(n) be the third derivative of -n**7/2520 + n**6/720 + n**5/10 - n**4/8 + n**2. Let c(s) be the second derivative of l(s). What is the tens digit of c(0)?
1
Let a(l) = -4*l - 2*l - 3*l + 0*l. What is the units digit of a(-1)?
9
Suppose 4*w - 6 - 6 = 0. Suppose -11 = w*k + 4*m - 53, 5*m - 56 = -4*k. What is the tens digit of k?
1
What is the tens digit of 7/2*40/14?
1
Let r(f) = f - 4. Let p be 4/(-14) - 88/(-14). Let j be r(p). What is the units digit of ((j - 0) + -3)*-9?
9
Suppose 0*a = -5*a + 110. What is the tens digit of a?
2
Let z be 0*(-1)/(-3) + 2. Suppose -3*v + 57 = 5*k, 64 = z*k + 3*k - 4*v. What is the units digit of k?
2
Let b(s) = 6*s**2 - 10*s**2 + 7*s**2 - 4. What is the units digit of b(-2)?
8
Let f = 45 - 27. Let s = -7 + f. What is the units digit of s?
1
Suppose 10 - 88 = -6*v. What is the tens digit of v?
1
Suppose 0 = 2*r - 0*r + 4. Let p = r + 6. What is the units digit of p?
4
What is the units digit of 32 - 4/(-8)*4?
4
Let q = 155 + -125. What is the units digit of q?
0
Let z be 5 + -1 + 2 + -2. Suppose w = -z*w. Suppose -4*f + 2*f + 4*x + 32 = w, 3*x + 21 = f. What is the units digit of f?
6
What is the tens digit of (-316)/(12/6 + -4)?
5
Suppose -17 = -5*k + 28. Let z(q) = q**2 + 11*q + 1. Let r be z(-11). Let b = k + r. What is the units digit of b?
0
Let p = -19 - -17. What is the tens digit of p*20*-1 - -3?
4
Let v = -4 - -8. Let p = v - -4. Let l(f) = -f**